9 + (-1)/3. Let j be ((-1)/1)/(2/m). What is r(j)?
-8
Let j(c) = -7 - 6*c - 8*c + 5*c. Let r(n) be the first derivative of -n**2/2 - n + 33. Let p(k) = -j(k) + 6*r(k). Give p(-1).
-2
Suppose -g = -2*g + 5*g. Let q(o) = -o**3 + o**2 - o + 3. What is q(g)?
3
Suppose -5*a = 2*r - 37, 3*a = -4*r + 8*a - 1. Let x(l) = 4*l + 2. Let n(s) = 5*s. Let w(o) = -3*n(o) + 4*x(o). Calculate w(r).
14
Let g(b) = -3*b - 1. Let i be (-3)/(1 - -5) - 3/(-6). What is g(i)?
-1
Let j(f) = -f - 1. Let i(o) = -6 + 7*o + 5 + 5*o**2 - 4*o**2. Let x be i(-6). Calculate j(x).
6
Let c(u) = -4828 + 2418 + 2409 - 4*u. Determine c(-3).
11
Let y(o) = 4*o**2 - 5*o. Let r(a) = 8*a - a + 18*a**2 - 8*a - 17*a**2. Let d(q) = -5*r(q) + y(q). Let c be ((-1)/(-2))/(2/4). Give d(c).
-1
Let u(n) = -n**3 + 14*n**2 - 12*n - 14. Let i be u(13). Let f = i - 0. Let m(l) = l**2. Determine m(f).
1
Let p(s) = -7*s - 54. Let o be p(-8). Let j(r) be the third derivative of 0*r + 5/6*r**3 - 2*r**o - 1/24*r**4 + 0. Give j(0).
5
Let o(f) be the third derivative of f**6/720 - f**5/30 + 5*f**4/4 + 6*f**2. Let r(y) be the second derivative of o(y). What is r(7)?
3
Let t be 6/(-14) - (-33)/77. Let p(f) be the second derivative of 1/20*f**5 + t + 5/12*f**4 + f + 5/2*f**2 + 2/3*f**3. Calculate p(-4).
5
Let u be 4 + (1 - (-4 + 3)). Let j(k) = -3*k + 15. Let b be j(u). Let x(s) = -s + 3. What is x(b)?
6
Let p(u) = -7*u**3 + u + 1. Suppose -3*j - 14 = q, -3*q = 3*j - j + 7. Let x(l) = -5*l - 26. Let t be x(j). Determine p(t).
7
Let s = 365 - 357. Let w(l) = l**2 - 11*l + 9. Calculate w(s).
-15
Let b(i) = -93*i**2 - 1 + 49*i**2 + 46*i**2 + 3*i. Calculate b(-4).
19
Suppose 30 = -7*k + k. Let x(b) = b**2 + b + 5. What is x(k)?
25
Let h(i) = i**2 + i - 7. Let k(l) = l**2 - 10*l + 9. Let f be k(9). Suppose f = 2*c - 5*n - 5, 0*n - 5 = -5*n. Suppose -c*t = -t + 20. Calculate h(t).
13
Let y(x) = -x**2 - 5*x + 4. Let g = 11 + 4. Suppose g + 13 = 2*z. Suppose 0 = 2*m + 5*h - z, -m + 11 = 2*m + 5*h. Calculate y(m).
10
Suppose 3*m = -2*q - 4 + 6, 4*q + 8 = 0. Suppose -m*b + 6 = 2. Let h(v) = -11*v - 7 + 4*v**b - 5*v**2 + 20*v. Determine h(6).
11
Let b(g) = -8*g - 2. Let a(r) = 12*r - 418. Let h be a(35). What is b(h)?
-18
Let n(i) be the third derivative of -i**4/4 - 4*i**3/3 - 15*i**2. Let x be 2/(-9) + (-620)/(-36). Let u(q) = 2*q + 3. Let b(o) = x*u(o) + 6*n(o). Give b(4).
-5
Let q(x) = -24*x**2 + 17*x**2 + 2 - x**3 + 0*x**3 + 15*x**2 - x. Give q(8).
-6
Suppose 3*o - 1010 = -2*o. Let q(h) = -h + 1 - o*h**2 - 1 + 201*h**2. Determine q(-2).
-2
Let y(g) = g**2 + 5*g + 2. Let q = 35 + -32. Suppose 2*l = q*o - 4, -17 = 5*l - 2*o - 2*o. What is y(l)?
2
Let c(p) = -16*p**2 - 14*p - 5. Let m(y) = y**3 + 9*y**2 - y - 20. Let b be m(-9). Let k(f) = 3*f**2 + 3*f + 1. Let v(s) = b*k(s) - 2*c(s). What is v(-5)?
-1
Let l be 2 - 0 - (-80)/(-8) - -4. Let k(t) = -3*t**2 - 17*t + 17. Let c(p) = -p**2 - 6*p + 6. Let b(s) = l*k(s) + 11*c(s). Give b(-4).
6
Let q(a) be the third derivative of -a**5/30 - 5*a**4/24 + 7*a**3/3 + 74*a**2 - 2*a. Determine q(-6).
-28
Let z(a) be the second derivative of -a**5/20 - 5*a**4/6 - 4*a**3/3 + 13*a**2/2 - 19*a - 2. Calculate z(-9).
4
Let u be 6 + 2 + -1*3. Let r(v) be the second derivative of v**4/12 - 2*v**3/3 + v**2/2 - 28*v. What is r(u)?
6
Let t(x) = x**3 + 2*x**2 - 2*x - 3. Let y(v) = 2*v + 16. Let s be y(-7). Suppose -2*h + 0*h - 2*u - s = 0, 4*h + 5*u = -3. Calculate t(h).
1
Let u(m) = 2*m + 3. Let q be u(-2). Let b(d) = 7*d + 14. Let o(y) = 2*y + 5. Suppose 10 = 5*n - 15. Let a(s) = n*b(s) - 14*o(s). What is a(q)?
-7
Let u = 1073 + -1063. Let r(w) = -w**3 + 9*w**2 + 6*w + 21. Give r(u).
-19
Let v(b) = -3*b - 15. Let i(w) = -4*w - 5. Let x(d) = -d. Let n(j) = i(j) - 3*x(j). Let k(c) = 17*n(c) - 6*v(c). Determine k(-4).
1
Let u(b) = -3*b**2 - 3*b + 7. Let l(y) = 8*y**2 + 9*y - 20. Let d(q) = -4*l(q) - 11*u(q). Give d(2).
1
Let z(m) be the third derivative of m**6/20 - m**5/60 + m**4/24 - m**3/6 - 295*m**2. What is z(1)?
5
Let r(h) = 2*h**3 + h - 1. Let b(g) = 3 - 5 - 37*g + 38*g. Let o be b(4). Suppose 0*a - 2*a = -o. Give r(a).
2
Let y(o) be the third derivative of 1/15*o**5 + 2/3*o**3 + 0*o + 0 + 0*o**4 + 1/120*o**6 + o**2. Calculate y(-4).
4
Let q(c) = c**3 + 6*c**2 + 6*c. Let m be -43*(-1)/(-9) + 36/(-162). What is q(m)?
-5
Let i(r) = -r**3 - 21*r**2 - 21*r - 24. Let d be (16/(-72)*-15)/(1/(-6)). Determine i(d).
-4
Let z be (-6)/(160/15 + -10). Let b(l) = l**2 + 9*l - 6. Give b(z).
-6
Let f(z) be the second derivative of -z**4/12 + 11*z**3/6 + 5*z**2/2 + z. Let w be f(11). Let x(p) = p**3 - 5*p**2 + p - 5. Determine x(w).
0
Let s be 4/16 - (-3)/(24/22). Let k(g) be the second derivative of 0 - 2*g - 6*g**2 + 1/6*g**s. What is k(6)?
-6
Let z(d) = -4*d**3 + 2*d**2 + d. Suppose 0 = 3*m + 2*m - 2*v + 11, 5*m + 5*v = 10. What is z(m)?
5
Suppose -2*j = 3*j + 80. Let u be 0 - -4*12/j. Let o be 1*-3 + 3 + u. Let z(f) = f**2 + 4. What is z(o)?
13
Suppose 7*n - 60 = -116. Let m(o) = -3*o - 18. Give m(n).
6
Let a(u) = -u - 2. Let o(s) = 2*s - 8. Let g(x) = -x + 11. Let m be g(5). Let t be o(m). Suppose -15 = 5*r, t*r + 1 = 4*q + r. Calculate a(q).
0
Let k(m) be the first derivative of -2*m**2 + 5*m - 806. Calculate k(4).
-11
Suppose 0*d - 10 = 2*d. Let i(l) = -6*l + 12. Let v(g) = -7*g + 14. Let m(u) = -5*i(u) + 4*v(u). Determine m(d).
-14
Let g(z) = -5*z**3 - z**2 + 1. Let x = -4 - -4. Suppose 0 = -5*a - 5*o + 2*o + 11, x = a + 3*o - 7. Let m be (0 - a)*(-14 - -15). Determine g(m).
5
Let s(f) = f**3 - 2*f. Let g(u) = -3*u**3 + u**2 + 4*u - 1. Let q(t) = -g(t) - 2*s(t). Give q(-1).
-1
Suppose 0*h - 15 = 5*h, -h + 9 = 2*j. Let u(w) = w - 7. Let g be u(j). Let y(m) = -3*m**2 + m + 1. What is y(g)?
-3
Let r(a) = -a**3 + a - 1. Let i = 30 - 24. Let o(j) = -4*j + 24. Let s be o(i). What is r(s)?
-1
Let i = 1106 + -1095. Let a(d) = d**2 - 8*d - 35. Calculate a(i).
-2
Let v(b) = b - 11. Let y(o) = 3*o + 18. Let m be y(-6). Suppose x + 2*x - 15 = m. Calculate v(x).
-6
Let s(o) be the third derivative of 0*o**4 - 27*o**2 + 0 + 0*o + 1/60*o**5 - 11/3*o**3. Give s(0).
-22
Let o(j) = j - 2. Let h be o(12). Let f(c) = -21*c + 10*c + h*c + 3. Give f(3).
0
Let s = 99 + -54. Suppose j + 4*j = s. Let w(o) = 5*o + 1 - o**2 - j*o + 6. Determine w(-5).
2
Let b(o) = -3*o**3 + 3*o**2 + 3*o + 4. Suppose 5*m - 5*f = -8*f + 21, 4*m - 4*f - 4 = 0. Determine b(m).
-41
Let u be (-2)/8 + 1/4. Suppose u = 3*g + s - 45, 5*g - 50 = 3*s + 11. Let v(m) = -11 + 3*m + 0*m + m**2 + 24 - g. Determine v(2).
9
Let d be (-252)/14*(-4)/12 + -5. Let z(p) = 5*p**2 + 2*p - 1. Determine z(d).
6
Let r(q) = 7*q - 2. Let x(u) = -6*u + 2. Let h(i) = -5*r(i) - 6*x(i). Let g = -244 + 242. What is h(g)?
-4
Let f(n) = -6*n - 16. Let a be 1141/652 - (-39)/(-4). Give f(a).
32
Let n = -13 - -18. Suppose n = 5*d - u + 15, d = 2*u + 7. Let y(r) = 0 + 1 - 4*r - 3. Determine y(d).
10
Suppose -29*x + 33*x = -20. Let z(f) = -f**2 - 7*f - 2. Determine z(x).
8
Let q(s) be the first derivative of -18 + 1/2*s**2 + 5*s. What is q(0)?
5
Let x(u) = -8*u - u**3 - 1 - 5*u**2 - 3*u**2 + 0*u**3. Suppose -2*z = 29 - 41, 5*t = 3*z - 53. What is x(t)?
6
Let d(c) = -c - 4. Suppose 0 = i - 3*b, 2*b + 1 = 2*i + 9. Let k be d(i). Let v(p) = 2*p**2 - p + 3 - k*p - p. Calculate v(3).
9
Let d be 105/300*-4 - 4/(-10). Let t(a) = -23*a**3 - a**2 - a + 1. Calculate t(d).
24
Let b(f) be the second derivative of -f**4/12 + 2*f**3/3 + f**2 + 106*f. Let z be 2/2 + -4 + 5. Suppose -a + z*a = 4. Calculate b(a).
2
Suppose p = -14 + 16. Let g be (0 - -1)/(1/5). Let a(j) = 3*j**p - 7 - g*j - 8*j**2 - 2*j**3 + 3*j**3. Calculate a(6).
-1
Let r(v) = -2*v + 5. Let j(y) = y**3 + 4*y**2 + 2*y. Let f be j(-3). Let z be r(f). Let m(h) = -7*h + 0*h - h. Calculate m(z).
8
Let n(i) = i + 4. Let t(z) = 10*z + 44. Let l(r) = 22*n(r) - 2*t(r). Give l(5).
10
Let x(o) = -4*o**3 - 2*o + 1. Let v be -1*((-4 - -6) + (-1 - 1)). Suppose -4*r + v*g = -3*g + 5, 5*r + g - 8 = 0. Calculate x(r).
-5
Let m(d) = 4*d**3 + d**2 - 1. Suppose 33 - 251 = -109*o. Give m(o).
35
Let x = -12 - -5. Let i be 2/x + 47/(-7). Let d = 3 + i. Let m(c) = 2*c + 1. What is m(d)?
-7
Suppose 2*g - 97*i - 14 = -95*i, i = 5*g - 39. Let j(v) = v**3 - 7*v**2 - 7*v + 7. What is j(g)?
15
Let x(c) = 3*c. Let w = 1 + -2. Let l(k) = k. Let p(g) = w*